1 and 528.
11
Calculate the highest common factor of 112 and 144.
16
What is the greatest common divisor of 2007 and 5575?
223
Calculate the greatest common divisor of 84 and 1134.
42
What is the highest common divisor of 728 and 273?
91
What is the highest common divisor of 144 and 144?
144
What is the greatest common divisor of 32 and 80?
16
What is the greatest common factor of 155 and 215?
5
Calculate the greatest common factor of 2538 and 153.
9
Calculate the greatest common factor of 1218 and 42.
42
What is the highest common factor of 406 and 42?
14
What is the highest common factor of 72 and 32652?
36
Calculate the greatest common factor of 7172 and 88.
44
What is the highest common factor of 22101 and 159?
159
What is the greatest common factor of 135 and 36?
9
Calculate the greatest common factor of 172 and 5977.
43
What is the highest common divisor of 602 and 56?
14
What is the highest common factor of 241 and 103389?
241
What is the highest common divisor of 15 and 155?
5
Calculate the greatest common factor of 9 and 11133.
9
Calculate the greatest common divisor of 3330 and 340.
10
What is the highest common factor of 70 and 134?
2
Calculate the highest common factor of 190 and 2185.
95
Calculate the greatest common divisor of 672 and 6.
6
Calculate the highest common divisor of 294 and 231.
21
What is the highest common divisor of 57 and 817?
19
Calculate the greatest common divisor of 418 and 8569.
209
Calculate the greatest common factor of 176 and 341.
11
What is the highest common divisor of 384 and 24?
24
Calculate the highest common divisor of 2280 and 390.
30
What is the greatest common factor of 1 and 31?
1
Calculate the highest common factor of 18 and 441.
9
Calculate the highest common factor of 5060 and 115.
115
Calculate the highest common divisor of 630 and 165.
15
Calculate the greatest common divisor of 148 and 5069.
37
What is the highest common factor of 3002 and 2844?
158
Calculate the greatest common divisor of 27 and 3.
3
What is the greatest common factor of 316 and 10823?
79
What is the highest common factor of 7501 and 26?
13
What is the highest common factor of 182 and 56?
14
Calculate the highest common factor of 30625 and 245.
245
What is the greatest common factor of 884 and 364?
52
What is the greatest common factor of 70 and 750?
10
Calculate the greatest common divisor of 22 and 902.
22
Calculate the highest common factor of 233 and 1.
1
Calculate the highest common divisor of 3 and 529.
1
Calculate the greatest common factor of 360 and 48.
24
Calculate the highest common divisor of 7306 and 26.
26
Calculate the greatest common divisor of 13 and 429.
13
Calculate the highest common factor of 6751 and 86.
43
What is the greatest common factor of 237 and 6?
3
What is the greatest common divisor of 58 and 4669?
29
Calculate the highest common factor of 118 and 29146.
118
What is the greatest common divisor of 64 and 5536?
32
What is the greatest common factor of 64 and 272?
16
Calculate the highest common divisor of 750 and 30.
30
Calculate the greatest common factor of 640 and 40.
40
What is the greatest common factor of 716 and 3043?
179
What is the greatest common factor of 9504 and 270?
54
What is the greatest common divisor of 24 and 24?
24
What is the greatest common divisor of 273 and 91?
91
Calculate the greatest common factor of 4 and 104.
4
What is the greatest common divisor of 553 and 869?
79
Calculate the greatest common divisor of 6785 and 230.
115
What is the highest common divisor of 48 and 1296?
48
What is the greatest common factor of 105 and 7805?
35
Calculate the highest common factor of 30 and 870.
30
Calculate the greatest common divisor of 66 and 638.
22
Calculate the greatest common factor of 651 and 63.
21
Calculate the greatest common divisor of 13 and 169.
13
Calculate the greatest common factor of 180 and 45.
45
What is the greatest common factor of 1436 and 1?
1
Calculate the highest common factor of 6541 and 633.
211
Calculate the highest common divisor of 108 and 12.
12
Calculate the greatest common factor of 568 and 216.
8
What is the highest common divisor of 1059 and 6?
3
Calculate the highest common divisor of 30 and 2130.
30
What is the highest common divisor of 4 and 7388?
4
What is the highest common factor of 150 and 1275?
75
What is the highest common factor of 22 and 946?
22
Calculate the highest common divisor of 33 and 7249.
11
Calculate the greatest common factor of 2379 and 195.
39
Calculate the highest common factor of 238 and 119.
119
Calculate the greatest common factor of 40 and 40.
40
Calculate the highest common factor of 169 and 10816.
169
Calculate the highest common divisor of 220 and 20.
20
What is the greatest common factor of 1150 and 46?
46
Calculate the greatest common factor of 2827 and 22.
11
What is the greatest common factor of 458 and 10?
2
Calculate the greatest common divisor of 1633 and 23.
23
What is the highest common factor of 230 and 1426?
46
What is the greatest common divisor of 494 and 78?
26
Calculate the greatest common factor of 2075 and 25.
25
Calculate the highest common factor of 768 and 96.
96
What is the greatest common factor of 800 and 32?
32
What is the greatest common divisor of 152 and 380?
76
Calculate the greatest common factor of 104 and 876.
4
Calculate the highest common divisor of 30094 and 41.
41
What is the highest common divisor of 44 and 11836?
44
Calculate the greatest common divisor of 655 and 4192.
131
Calculate the highest common divisor of 1890 and 70.
70
What is the highest common factor of 2889 and 1391?
107
Calculate the greatest common factor of 8 and 82664.
8
Calculate the greatest common divisor of 40 and 440.
40
What is the greatest common divisor of 296 and 8436?
148
What is the greatest common factor of 107 and 2?
1
What is the greatest common factor of 190 and 90?
10
What is the greatest common factor of 1953 and 63?
63
What is the greatest common factor of 28 and 3899?
7
What is the greatest common factor of 256 and 96?
32
What is the highest common divisor of 25 and 1?
1
Calculate the highest common factor of 24 and 6.
6
What is the greatest common factor of 231 and 11?
11
Calculate the highest common factor of 20 and 16.
4
Calculate the greatest common divisor of 2 and 8.
2
Calculate the greatest common divisor of 34 and 374.
34
Calculate the greatest common factor of 270 and 840.
30
What is the greatest common divisor of 460 and 100?
20
What is the greatest common factor of 777 and 84?
21
Calculate the greatest common divisor of 30 and 645.
15
What is the greatest common factor of 498 and 6?
6
Calculate the highest common factor of 202 and 4141.
101
What is the highest common divisor of 68 and 42024?
68
What is the highest common factor of 126 and 70?
14
What is the greatest common divisor of 117 and 26?
13
What is the highest common factor of 9 and 45?
9
Calculate the greatest common factor of 496 and 1200.
16
Calculate the greatest common divisor of 139 and 5.
1
Calculate the greatest common factor of 45 and 2.
1
Calculate the highest common divisor of 10 and 125.
5
What is the highest common factor of 37 and 1369?
37
Calculate the greatest common factor of 37 and 66193.
37
What is the highest common divisor of 243 and 162?
81
Calculate the greatest common divisor of 1739 and 592.
37
What is the highest common factor of 51 and 12189?
51
Calculate the highest common divisor of 620 and 279.
31
Calculate the highest common divisor of 81 and 72.
9
What is the greatest common divisor of 3136 and 16?
16
Calculate the highest common factor of 310 and 30.
10
What is the highest common divisor of 66 and 342?
6
Calculate the greatest common factor of 74 and 259.
37
Calculate the highest common divisor of 228 and 513.
57
Calculate the highest common factor of 4347 and 42.
21
What is the greatest common divisor of 171 and 2337?
57
What is the greatest common factor of 737 and 67?
67
Calculate the greatest common factor of 30 and 7530.
30
Calculate the highest common factor of 410 and 246.
82
What is the greatest common divisor of 13 and 949?
13
Calculate the highest common divisor of 1600 and 20.
20
What is the highest common divisor of 380 and 25?
5
Calculate the greatest common factor of 201